. What is j(-40)?
38
Let q(u) = 6050*u + 1209975. Calculate q(-200).
-25
Let h(v) = 86*v**2 + 397*v - 1197. Determine h(3).
768
Let x(m) = -9*m**2 - 957*m + 1553. What is x(-107)?
911
Let p(r) = -24*r**3 + 2281*r**2 - 98*r - 120. What is p(95)?
-405
Let s(z) = -22*z**3 + 606*z**2 + 933*z - 129. Calculate s(29).
16
Let p(x) = 2*x**2 + 327*x + 2693. What is p(-155)?
58
Let h(j) = 410*j**2 + 2132*j - 23. Give h(-5).
-433
Let f(o) = 134703*o - 808240. Calculate f(6).
-22
Let f(t) = -13*t**3 + 93*t**2 - 42*t - 55. Calculate f(8).
-1095
Let m(t) = -t**2 + 5876*t + 58886. Give m(-10).
26
Let u(r) = -17*r**2 + 4924*r - 13107. Give u(287).
-192
Let c(y) = -y**3 + 4*y**2 - 381*y + 1522. Calculate c(4).
-2
Let d(n) = -n**2 + 3754*n + 240469. Give d(-63).
-2
Let r(j) = 32213*j + 257760. What is r(-8)?
56
Let l(v) = v**3 - 29*v**2 + 150*v + 131. Calculate l(20).
-469
Let r(d) = -3*d**2 - 137*d - 1486. What is r(-18)?
8
Let i(g) = 2*g**3 + 42*g**2 + 80*g + 102. What is i(-19)?
26
Let s(d) = 6*d**3 + 1071*d**2 + 3673*d - 416. Calculate s(-175).
-66
Let q(g) = 6863*g + 1022596. Determine q(-149).
9
Let z(i) = -15*i**2 - 408*i - 2429. Give z(-7).
-308
Let i(a) = 92*a - 6346. Calculate i(67).
-182
Let i(m) = 7*m**2 - 416*m + 1971. Calculate i(55).
266
Let f(k) = -4832*k + 309263. Give f(64).
15
Let b(k) = -7*k**2 - 241*k - 1120. Calculate b(-4).
-268
Let n(y) = -1278*y - 50157. Give n(-39).
-315
Let k(h) = 5151*h - 118466. Calculate k(23).
7
Let t(r) = 6*r**3 + 14*r**2 + 50*r + 234. What is t(-4)?
-126
Let g(y) = 78*y**2 - 367*y - 1106. Give g(-3).
697
Let k(i) = -203*i**3 - 4866*i**2 + 138*i - 155. Determine k(-24).
-11
Let x(c) = -156*c + 1476. Calculate x(18).
-1332
Let g(z) = 51*z**2 - 321*z - 938. Calculate g(-3).
484
Let q(x) = 1356*x**3 - 365*x**2. Determine q(1).
991
Let i(f) = -639*f - 2740. Determine i(-5).
455
Let c(l) = -62*l + 3750. Give c(36).
1518
Let g(j) = -12*j**2 - 369*j + 1774. Give g(-35).
-11
Let r(h) = -h**3 - 16*h**2 - 33*h - 1060. Calculate r(-18).
182
Let f(p) = 660*p + 19343. Determine f(-27).
1523
Let r(c) = -10*c**3 + 5493*c**2 - 1624*c - 12550. Calculate r(549).
77
Let n(w) = 5*w**3 + 86*w**2 + 83*w - 5. Determine n(-1).
-7
Let c(f) = 43*f + 7167. Give c(-170).
-143
Let l(f) = 10732*f - 2092743. Determine l(195).
-3
Let l(y) = -26*y**2 - 47284*y + 398279. What is l(-1827)?
-7
Let n(u) = 2*u**2 + 170*u - 1954. Calculate n(12).
374
Let j(g) = -122*g - 2586. Determine j(-16).
-634
Let x(n) = 19*n**2 + 3931*n + 30287. Determine x(-8).
55
Let f(b) = 7850*b - 470995. What is f(60)?
5
Let q(u) = -2351*u**3 - 2*u**2 - 25*u + 25. What is q(1)?
-2353
Let p(v) = 2*v**3 - 9*v**2 + 387*v - 2424. Determine p(6).
6
Let u(l) = -17*l**2 + 3250*l + 5873. Give u(193).
-110
Let q(s) = -34*s + 3527. What is q(113)?
-315
Let x(f) = f**3 - 47*f**2 + 337*f + 997. Determine x(12).
1
Let o(p) = 3414*p - 23934. Determine o(7).
-36
Let l(f) = f**3 + 6*f**2 - 5*f - 103. Give l(-7).
-117
Let t(n) = 13*n + 529. Determine t(257).
3870
Let a(k) = -3*k**3 - 237*k**2 - 912*k + 134. What is a(-75)?
1034
Let i(m) = 233*m + 35032. Give i(-149).
315
Let g(c) = -3*c**3 + 19732*c**2 + 18*c + 8. Give g(0).
8
Let j(s) = 73211*s - 512472. Give j(7).
5
Let z(i) = -i**3 - 33*i**2 - 13*i - 244. Determine z(-33).
185
Let b(n) = 15*n**3 + 376*n**2 + 127*n + 2558. Calculate b(-25).
8
Let y(b) = 52*b**2 - 60454*b - 25589. Give y(1163).
-3
Let f(t) = -3*t**2 - 236*t - 3090. Determine f(-16).
-82
Let w(c) = -543*c**2 - 10341*c - 493. What is w(-19)?
-37
Let a(d) = d**3 + d**2 - 129*d + 359. Calculate a(-13).
8
Let b(x) = -5011*x - 85050. What is b(-17)?
137
Let u(s) = -10*s**3 + 331*s**2 - 30*s + 38. Give u(33).
137
Let p(a) = -28*a**2 + 2450*a + 208498. Determine p(-53).
-4
Let u(z) = -z**3 + 10*z**2 - 1621*z + 12833. Calculate u(8).
-7
Let o(i) = 391*i - 2626. Give o(7).
111
Let s(c) = -15822*c - 1218261. What is s(-77)?
33
Let i(n) = -34978*n + 244868. Calculate i(7).
22
Let g(c) = 4*c**3 + 112*c**2 - 29*c - 795. What is g(-28)?
17
Let n(t) = -226*t**2 - 111211*t - 9344. Determine n(-492).
4
Let s(v) = -9670*v + 77352. Give s(8).
-8
Let b(z) = z**3 - 278*z**2 + 17106*z + 1114. Calculate b(186).
-2
Let s(x) = 6488*x**3 - 11*x**2 - 89*x - 81. Determine s(-1).
-6491
Let m(d) = -9168*d + 1540265. Calculate m(168).
41
Let l(q) = -q**2 - 39*q - 825. Give l(-19).
-445
Let c(t) = 1046*t + 15764. Give c(-15).
74
Let k(f) = -2832*f + 20890. What is k(7)?
1066
Let v(r) = 5*r**2 + 12*r - 9151. Calculate v(-44).
1
Let k(y) = -350*y**3 + 3*y**2 + 16*y - 12. What is k(1)?
-343
Let a(b) = 49*b + 4094. What is a(-111)?
-1345
Let j(v) = -1670*v - 59791. Determine j(-38).
3669
Let b(v) = v**2 - 99*v + 1927. Determine b(25).
77
Let n(s) = s**3 + 71*s**2 - 230*s - 25367. Calculate n(-69).
25
Let f(c) = -920*c + 58532. What is f(62)?
1492
Let g(d) = 380*d - 18537. What is g(49)?
83
Let c(y) = -y**3 + 24*y**2 + 2465*y - 435. Give c(63).
69
Let y(m) = -m**2 - 414*m + 10049. What is y(23)?
-2
Let z(a) = -a**3 - 4*a**2 + 673*a - 9. What is z(24)?
15
Let t(q) = -2*q**3 + 667*q**2 - 7748*q + 110121. Give t(322).
-3
Let w(i) = i**2 - 5965*i - 7551770. Give w(-1073).
4
Let o(t) = 2*t**3 - 239*t**2 - 1905*t + 25. Determine o(127).
25
Let l(o) = -34*o**2 - 3816*o - 500. Give l(-112).
396
Let h(l) = 15853*l + 1284171. Determine h(-81).
78
Let z(n) = 46*n**2 + 5*n - 1905. Give z(6).
-219
Let u(h) = -5*h**3 + 43*h**2 + 62*h - 261. Determine u(2).
-5
Let b(k) = 16282*k + 48852. Calculate b(-3).
6
Let b(h) = -8193*h + 81942. Calculate b(10).
12
Let q(m) = 9793*m + 450544. Determine q(-46).
66
Let z(u) = 315*u + 28922. Determine z(-90).
572
Let x(p) = -19717*p + 6940404. Calculate x(352).
20
Let r(f) = -371717*f - 4088878. Determine r(-11).
9
Let u(s) = -3*s**2 - 582*s - 16903. Calculate u(-36).
161
Let u(c) = 9701*c + 232787. Determine u(-24).
-37
Let q(r) = 11428*r + 11513. Give q(-1).
85
Let j(x) = x**3 + 84*x**2 + 895*x + 83295. What is j(-85)?
-5
Let k(a) = 2*a**2 + 5403*a + 32329. What is k(-6)?
-17
Let b(p) = 3042*p - 9304. What is b(3)?
-178
Let t(y) = 32*y**2 - 366*y - 1083. Calculate t(-3).
303
Let x(k) = -26*k**2 - 163*k - 42. What is x(0)?
-42
Let o(h) = 11613*h - 3367774. Give o(290).
-4
Let d(w) = 2968*w**2 - 44560*w + 596. Calculate d(15).
-4
Let d(s) = 656*s - 1698. Calculate d(3).
270
Let f(t) = -t**2 + 117*t + 16. What is f(101)?
1632
Let h(y) = 124*y**2 + 1998*y - 20086. Give h(7).
-24
Let s(z) = 6482*z + 1490878. What is s(-230)?
18
Let f(n) = -n**2 - 54*n + 1074. Calculate f(16).
-46
Let x(w) = -2900*w + 17515. Give x(7).
-2785
Let y(l) = 94*l - 5428. Calculate y(64).
588
Let b(m) = 3*m**2 - 522*m - 2226. Determine b(179).
459
Let u(d) = 5003*d**2 + 30010*d - 13. Determine u(-6).
35
Let h(g) = 1000*g - 13481. What is h(13)?
-481
Let w(s) = -761*s - 3376. What is w(-4)?
-332
Let y(n) = n**3 - 116*n**2 + 1357*n + 193. What is y(103)?
2047
Let y(q) = 10*q**3 - 4841*q**2 + 486*q - 996. Give y(484).
-28
Let t(o) = 5*o**2 - 451*o - 7934. Determine t(105).
-164
Let b(r) = 2*r**3 + 177*r**2 - 464*r - 1414. Calculate b(-91).
-595
Let m(l) = -96*l**2 + 1020*l + 768. What is m(11)?
372
Let l(x) = -x**3 - 3*x**2 - 44*x + 525. What is l(12)?
-2163
Let v(g) = -g**2 - 233*g + 23523. Give v(-309).
39
Let l(x) = -x**2 + 40*x + 276622. Give l(-506).
346
Let d(z) = 258*z**2 - 8071*z - 5919. Determine d(32).
1
Let k(r) = 2*r**2 - 57824*r - 57825. Determine k(-1).
1
Let o(f) = -f**3 + 50*f**2 + 1547*f - 8865. Calculate o(5).
-5
Let f(m) = 424*m - 22038. Calculate f(51).
-414
Let d(u) = -u**2 + 463*u - 17314. Calculate d(422).
-12
Let r(d) = 1985*d + 131008. Calculate r(-66).
-2
Let w(g) = 19555*g**2 + 136891*g + 73. What is w(-7)?
31
Let y(d) = 32461*d - 32671. Give y(1).
-210
Let g(z) = -z**2 + 4549*z + 1230080. Calculate g(-256).
0
Let n(p) = -13*p**3 - 31*p**2 + 93*p + 122. Determine n(-1).
11
Let h(n) = 10*n**3 - 80*n**2 + 212*n - 1662. Determine h(8).
34
Let i(n) = -n**2 - 485*n - 35755. Calculate i(-90).
-205
Let s(n) = -2137*n**2 - 252174*n - 919. Calculate s(-118).
25
Let i(k) = -8770*k + 36055. Determine i(4).
975
Let r(d) = -154*d**2 - 517*d + 517. Give r(1).
-154
Let a(w) = w**3 - 431*w**2 + 2255*w - 53286. Calculate a(426).
-36
Let p(x) = x**3 + 6*x**2 + 9*x - 18. Give p(0).
-18
Let a(p) = 47*p + 4673